+ 5?
282e1
In base 11, what is -3906a - -1?
-39069
In base 14, what is -4 + -1a001?
-1a005
In base 14, what is 6 + a4114?
a411a
In base 4, what is 11 + -1013330?
-1013313
In base 8, what is -3 - -565477?
565474
In base 10, what is -1635 - 3?
-1638
In base 7, what is -26261436 - -5?
-26261431
In base 10, what is 54745 - 3?
54742
In base 8, what is -6 - -12745?
12737
In base 14, what is 1ab2d5 - 3?
1ab2d2
In base 5, what is 143040 - 332?
142203
In base 14, what is 4d9 - -63?
55c
In base 11, what is -1a9 + 377?
179
In base 14, what is 17a1 - -1b?
17bc
In base 10, what is -488572 - -4?
-488568
In base 5, what is 14 - 20141?
-20122
In base 8, what is -523131 - 32?
-523163
In base 16, what is -b + -1?
-c
In base 8, what is -2332525 + -1?
-2332526
In base 8, what is -10 - -225247?
225237
In base 9, what is -18858 + 0?
-18858
In base 2, what is 11010010101 - -1100011?
11011111000
In base 7, what is -406 + 0?
-406
In base 12, what is 17b1024 - 2?
17b1022
In base 7, what is 4 + 5025102?
5025106
In base 11, what is 315219 + 0?
315219
In base 3, what is -2020 - -11122201?
11120111
In base 13, what is 102 + -364?
-262
In base 6, what is -224 + -2?
-230
In base 15, what is -158 + 2a2?
149
In base 5, what is 322042 - 40?
322002
In base 8, what is -10100 - -3?
-10075
In base 12, what is -2 - -10113?
10111
In base 12, what is 10b - 160?
-51
In base 5, what is 13 - -132343?
132411
In base 6, what is -1052 - 15?
-1111
In base 10, what is -12 - 17562?
-17574
In base 4, what is 0 - 110220233?
-110220233
In base 9, what is -101765 + 3?
-101762
In base 15, what is 9706 + -2?
9704
In base 13, what is -8 + 21a?
212
In base 8, what is 113 - -104?
217
In base 5, what is 10 - -4422133?
4422143
In base 10, what is -158 + 949?
791
In base 11, what is 208 + -1015?
-908
In base 12, what is -a2 + 249?
167
In base 16, what is -1 - -6388?
6387
In base 6, what is 11 - 34301?
-34250
In base 7, what is 20561 + 41?
20632
In base 16, what is -13dcf + 3?
-13dcc
In base 15, what is -4 - d5b?
-d60
In base 2, what is 100100 + -1010011101101?
-1010011001001
In base 9, what is -2 - 12758?
-12761
In base 3, what is 11110 + -211221?
-200111
In base 16, what is 1465d - 10?
1464d
In base 8, what is 12435 - 64?
12351
In base 12, what is 2bbb778 + 3?
2bbb77b
In base 10, what is -106 + -191?
-297
In base 9, what is 5 - -18505?
18511
In base 10, what is -111 - 55?
-166
In base 4, what is -102 - -1312210?
1312102
In base 10, what is 53 + -61782?
-61729
In base 13, what is 927c + 6?
9285
In base 9, what is 275 + -53?
222
In base 7, what is -14543366 - -4?
-14543362
In base 7, what is -2130214 + -2?
-2130216
In base 3, what is 10 + -112021110?
-112021100
In base 4, what is 3 + 110222?
110231
In base 4, what is 3 + -121313030?
-121313021
In base 2, what is 110 - -1010111010000?
1010111010110
In base 3, what is -20 - 2001020120?
-2001020210
In base 15, what is 0 + 5204b?
5204b
In base 13, what is 93 + -3b0?
-31a
In base 13, what is 305a0c + -1?
305a0b
In base 6, what is -425213 + 10?
-425203
In base 4, what is 132113023 + 2?
132113031
In base 9, what is 72 + 633?
715
In base 10, what is 20 - 2347?
-2327
In base 16, what is -15 - -255?
240
In base 2, what is -10011101111101001 + -10?
-10011101111101011
In base 11, what is 112051 - -1?
112052
In base 13, what is -61 - -207?
176
In base 4, what is 101212 + -10232?
30320
In base 7, what is 4 - -63250?
63254
In base 5, what is 1030 + 11010?
12040
In base 16, what is -1 - 2d2e6?
-2d2e7
In base 12, what is 2 + 3871a?
38720
In base 2, what is 101011000110 - 10011100?
101000101010
In base 7, what is 10353 + 2066?
12452
In base 5, what is 40 + -3021?
-2431
In base 6, what is -3 + 42244?
42241
In base 6, what is -454251 + 0?
-454251
In base 8, what is 55337 - 41?
55276
In base 16, what is 355b + 1?
355c
In base 14, what is 6 - 25701?
-256d9
In base 2, what is 1111 - 101110111010110?
-101110111000111
In base 6, what is 1041003 + -3?
1041000
In base 9, what is 15107 + -433?
14564
In base 10, what is -7 - 523783?
-523790
In base 4, what is -1002132 - -1?
-1002131
In base 5, what is -242244024 - -3?
-242244021
In base 3, what is 101200100 + 212?
101201012
In base 8, what is 301 + -21?
260
In base 14, what is -29 + 1a14?
19c9
In base 5, what is -442 - 112?
-1104
In base 7, what is 0 - 10255?
-10255
In base 15, what is 2a8 - 6d0?
-427
In base 5, what is -13021 - 10?
-13031
In base 5, what is 2033 - -121331?
123414
In base 2, what is -10100110010101000101 - -101?
-10100110010101000000
In base 11, what is 5 - 58535?
-58530
In base 6, what is -153 + 554?
401
In base 7, what is 3 - 12266?
-12263
In base 4, what is -1330130 - 213?
-1331003
In base 6, what is 40454 - 0?
40454
In base 12, what is -377 - -375?
-2
In base 11, what is 0 + 4400?
4400
In base 16, what is -14f1 + 1?
-14f0
In base 9, what is 184 + -478?
-284
In base 14, what is 61 + -4932?
-48b1
In base 4, what is -11 + -2031313?
-2031330
In base 4, what is 0 - 3211032222?
-3211032222
In base 12, what is 304b4b - -3?
304b52
In base 3, what is -212 + 2021110?
2020121
In base 12, what is -2aa405 - a?
-2aa413
In base 14, what is -b6 - 8b?
-163
In base 16, what is 100 + -1bd?
-bd
In base 11, what is -5394 - -6?
-5389
In base 2, what is 111010000101 - -1100?
111010010001
In base 12, what is -2b2 - -b0?
-202
In base 13, what is -8a216 - 0?
-8a216
In base 9, what is 13376 - 12?
13364
In base 9, what is 56 + -10375?
-10318
In base 14, what is 4dda8 - -1?
4dda9
In base 4, what is -311332 + 3202?
-302130
In base 16, what is 6d33a + -3?
6d337
In base 5, what is -3204 + 3313?
104
In base 7, what is -3 + -1565641?
-1565644
In base 14, what is 4 + -9844?
-9840
In base 4, what is 11130031120 + -2?
11130031112
In base 15, what is 2978 + 1c?
2995
In base 5, what is 240124 + -11?
240113
In base 7, what is -3 + -166151?
-166154
In base 5, what is 44040033 - 3?
44040030
In base 10, what is 0 + -132750?
-132750
In base 6, what is -140323 - -5?
-140314
In base 2, what is 10010100110000101 + -100?
10010100110000001
In base 11, what is -282782 - 0?
-282782
In base 9, what is -387874 + 0?
-387874
In base 8, what is 125065 - 5?
125060
In base 11, what is -4a11 - -549?
-4473
In base 6, what is 3032150 + 2?
3032152
In base 10, what is -1302 + 253?
-1049
In base 9, what is 1 - 1151748?
-1151747
In base 9, what is -1 + 14143?
14142
In base 9, what is 284 - 20?
264
In base 16, what is 102bb + c?
102c7
In base 12, what is a1b428 + 1?
a1b429
In base 3, what is 112220111 - 1?
112220110
In base 11, what is -1375247 - 1?
-1375248
In base 16, what is -d27d - -5?
-d278
In base 3, what is 2121 + -1222?
122
In base 8, what is -7052 + 56?
-6774
In base 10, what is -341905 - -6?
-341899
In base 8, what is -7131 + -16?
-7147
In base 15, what is b2702 - -2?
b2704
In base 10, what is 38758 + 2?
38760
In base 6, what is -5 - -1352054?
1352045
In base 7, what is -12 - -1616?
1604
In base 16, what is 2 + -482?
-480
In base 14, what is -4 + -28235?
-28239
In base 4, what is 1213 - -1300112?
1301331
In base 15, what is 47 - 1687?
-1640
In base 9, what is 24126 - 681?
23335
In base 5, what is -24243042 - -1?
-24243041
In base 5, what is -13340 - -12?
-13323
In base 9, what is -164312 - -5?
-164306
In base 8, what is -2466 + 70?
-2376
In base 4, what is 0 - 2120312?
-2120312
In base 10, what is 5645 + 4?
5649
In base 2, what is -10101101010 - -1010010110?
-1011010100
In base 12, what is 203096 - -1?
203097
In base 4, what is 1110 + 102031?
103201
In base 9, what is -508 - 120?
-628
In base 4, what is -330010222 + -3?
-330010231
In base 6, what is -1 - -43?
42
In base 9, what is 12 + -4667?
-4655
In base 9, what is 387 - -44?
442
In base 2, what is 111101001010011 - 10?
111101001010001
In base 11, what is 2945334 - -3?
2945337
In base 14, what is 11 + 3746?
3757
In base 10, what is -4 + -949593?
-949597
In base 15, what is -106 + ee?
-7
In base 6, what is -1215 + -305?
-1524
In base 2, what is -100111001000 - 10101010101?
-111100011101
In base 10, what is 0 + -23944?
-23944
In base 2, what is 10 + 1001000111001110?
1001000111010000
In base 15, what is 0 + 9b90b?
9b90b
In base 4, what is -10101021 - 1?
-10101022
In base 4, what is -10021 + -2?
-10023
In base 4, what is -121 - 33122203?
-33122330
In base 14, what is -2 + 465a?
4658
In base 14, what is -d - -51071?